{"id":1239,"date":"2024-01-02T18:22:46","date_gmt":"2024-01-02T17:22:46","guid":{"rendered":"https:\/\/jakobsteiner.de\/?page_id=1239"},"modified":"2025-03-07T22:01:23","modified_gmt":"2025-03-07T21:01:23","slug":"vita","status":"publish","type":"page","link":"https:\/\/jakobsteiner.de\/index.php\/vita\/","title":{"rendered":"\u00fcber"},"content":{"rendered":"\n<p><em>\u00bbMusik entfaltet ihre Kraft dann, wenn aus k\u00fcnstlerischer Individualit\u00e4t ein gemeinsames Klangerlebnis entsteht.\u00ab<\/em><\/p>\n\n\n\n<p>Dieses Motto ist f\u00fcr den Bassbariton Jakob Steiner in seiner musikalischen Laufbahn pr\u00e4gend. Als S\u00e4nger ist Jakob Steiner Mitglied in mehreren Vokalensembles und leitet als Dirigent Ch\u00f6re. Neben der interpretatorischen Arbeit liegt sein Augenmerk auf einer schl\u00fcssigen, thematisch orientierten oft auch experimentellen Programmgestaltung. Dadurch hat sich Jakob Steiner im Laufe der Jahre ein breites Repertoire von Alter Musik bis zu vielbeachteten Urauff\u00fchrungen von solistischer bis sinfonischer Besetzung erarbeitet.<\/p>\n\n\n\n<p>Neben freiberuflichen Engagements ist Jakob Steiner fest in folgende Ensembles und Ch\u00f6re eingebunden.<\/p>\n\n\n\n<p>Ensembles:<\/p>\n\n\n\n<p class=\"has-text-align-left\">Mit dem international etablierten Vokalsolistenensemble <strong><a href=\"https:\/\/www.singerpur.de\/\" target=\"_blank\" rel=\"noreferrer noopener\">Singer Pur<\/a><\/strong> tourt Jakob Steiner durch die ganze Welt. 2022 gewann Singer Pur f\u00fcr das Album \u201eAmong Whirlwinds\u201c den <em>Opus Klassik<\/em> als beste Chorwerkeinspielung.<\/p>\n\n\n\n<p>Als Gr\u00fcndungsmitglied hat sich Jakob Steiner seit 2014 mit dem Sextett <strong><a href=\"https:\/\/stimmgold-vokalensemble.de\/\" target=\"_blank\" rel=\"noreferrer noopener\">StimmGold<\/a><\/strong> einen Namen gemacht. Das Album \u201eDurch den Wald\u201c erhielt 2024 den 2. Preis beim renommierten amerikanischen Wettbewerb <em>Contemporary A Cappella Recording Awards<\/em> der Contemporary A Cappella Society (CASA).<\/p>\n\n\n\n<p>Chorleitungen:<\/p>\n\n\n\n<p>2022 \u00fcbernahm Jakob Steiner die musikalische Leitung des Chores <strong><a href=\"https:\/\/www.capellavocale.de\/\" target=\"_blank\" rel=\"noreferrer noopener\">Capella Vocale<\/a><\/strong>, der seit der Gr\u00fcndung 1985 einen festen Platz im M\u00fcnchner Kulturleben einnimmt. Kontinuierlich profiliert Jakob Steiner seitdem den gemischten Chor als Ort innovativer konzeptioneller Programme.<\/p>\n\n\n\n<p>Zusammen mit dem stellvertretenden Chordirektor der Staatsoper Unter den Linden in Berlin Gerhard Polifka initiierte Jakob Steiner das Kammerchorprojekt <strong><a href=\"https:\/\/www.spec-trum.de\/\" target=\"_blank\" rel=\"noreferrer noopener\">spec|trum<\/a><\/strong> mit jungen aufstrebenden S\u00e4ngerinnen und S\u00e4ngern. Schwerpunkt der Konzerte ist die Kontextualisierung und das Zusammenspiel von Alter und zeitgen\u00f6ssischer Musik.<\/p>\n\n\n\n<p>Jakob Steiner ist Stipendiat der Deutschen Orchesterstiftung sowie Alumnus des Cusanuswerks.<\/p>\n\n\n\n<p><a href=\"https:\/\/jakobsteiner.de\/wordpress\/wp-content\/uploads\/41-JakobSteiner-2025-\u00a9AlexeyTestov-scaled.jpg\" target=\"_blank\" rel=\"noreferrer noopener\">Download Pressefoto<\/a> | \u00a9 Alexey Testov<\/p>\n","protected":false},"excerpt":{"rendered":"<p>\u00bbMusik entfaltet ihre Kraft dann, wenn aus k\u00fcnstlerischer Individualit\u00e4t ein gemeinsames Klangerlebnis entsteht.\u00ab Dieses Motto ist f\u00fcr den Bassbariton Jakob Steiner in seiner musikalischen Laufbahn pr\u00e4gend. Als S\u00e4nger ist Jakob Steiner Mitglied in mehreren Vokalensembles und leitet als Dirigent Ch\u00f6re. Neben der interpretatorischen Arbeit liegt sein Augenmerk auf einer schl\u00fcssigen, thematisch orientierten oft auch experimentellen [&hellip;]<\/p>\n","protected":false},"author":1,"featured_media":0,"parent":0,"menu_order":0,"comment_status":"closed","ping_status":"closed","template":"","meta":{"footnotes":"[]"},"class_list":["post-1239","page","type-page","status-publish","hentry"],"_links":{"self":[{"href":"https:\/\/jakobsteiner.de\/index.php\/wp-json\/wp\/v2\/pages\/1239","targetHints":{"allow":["GET"]}}],"collection":[{"href":"https:\/\/jakobsteiner.de\/index.php\/wp-json\/wp\/v2\/pages"}],"about":[{"href":"https:\/\/jakobsteiner.de\/index.php\/wp-json\/wp\/v2\/types\/page"}],"author":[{"embeddable":true,"href":"https:\/\/jakobsteiner.de\/index.php\/wp-json\/wp\/v2\/users\/1"}],"replies":[{"embeddable":true,"href":"https:\/\/jakobsteiner.de\/index.php\/wp-json\/wp\/v2\/comments?post=1239"}],"version-history":[{"count":13,"href":"https:\/\/jakobsteiner.de\/index.php\/wp-json\/wp\/v2\/pages\/1239\/revisions"}],"predecessor-version":[{"id":1453,"href":"https:\/\/jakobsteiner.de\/index.php\/wp-json\/wp\/v2\/pages\/1239\/revisions\/1453"}],"wp:attachment":[{"href":"https:\/\/jakobsteiner.de\/index.php\/wp-json\/wp\/v2\/media?parent=1239"}],"curies":[{"name":"wp","href":"https:\/\/api.w.org\/{rel}","templated":true}]}}

über

<p><em>»Musik entfaltet ihre Kraft dann, wenn aus künstlerischer Individualität ein gemeinsames Klangerlebnis entsteht.«</em></p>



<p>Dieses Motto ist für den Bassbariton Jakob Steiner in seiner musikalischen Laufbahn prägend. Als Sänger ist Jakob Steiner Mitglied in mehreren Vokalensembles und leitet als Dirigent Chöre. Neben der interpretatorischen Arbeit liegt sein Augenmerk auf einer schlüssigen, thematisch orientierten oft auch experimentellen Programmgestaltung. Dadurch hat sich Jakob Steiner im Laufe der Jahre ein breites Repertoire von Alter Musik bis zu vielbeachteten Uraufführungen von solistischer bis sinfonischer Besetzung erarbeitet.</p>



<p>Neben freiberuflichen Engagements ist Jakob Steiner fest in folgende Ensembles und Chöre eingebunden.</p>



<p>Ensembles:</p>



<p class="has-text-align-left">Mit dem international etablierten Vokalsolistenensemble <strong><a href="https://www.singerpur.de/" target="_blank" rel="noreferrer noopener">Singer Pur</a></strong> tourt Jakob Steiner durch die ganze Welt. 2022 gewann Singer Pur für das Album „Among Whirlwinds“ den <em>Opus Klassik</em> als beste Chorwerkeinspielung.</p>



<p>Als Gründungsmitglied hat sich Jakob Steiner seit 2014 mit dem Sextett <strong><a href="https://stimmgold-vokalensemble.de/" target="_blank" rel="noreferrer noopener">StimmGold</a></strong> einen Namen gemacht. Das Album „Durch den Wald“ erhielt 2024 den 2. Preis beim renommierten amerikanischen Wettbewerb <em>Contemporary A Cappella Recording Awards</em> der Contemporary A Cappella Society (CASA).</p>



<p>Chorleitungen:</p>



<p>2022 übernahm Jakob Steiner die musikalische Leitung des Chores <strong><a href="https://www.capellavocale.de/" target="_blank" rel="noreferrer noopener">Capella Vocale</a></strong>, der seit der Gründung 1985 einen festen Platz im Münchner Kulturleben einnimmt. Kontinuierlich profiliert Jakob Steiner seitdem den gemischten Chor als Ort innovativer konzeptioneller Programme.</p>



<p>Zusammen mit dem stellvertretenden Chordirektor der Staatsoper Unter den Linden in Berlin Gerhard Polifka initiierte Jakob Steiner das Kammerchorprojekt <strong><a href="https://www.spec-trum.de/" target="_blank" rel="noreferrer noopener">spec|trum</a></strong> mit jungen aufstrebenden Sängerinnen und Sängern. Schwerpunkt der Konzerte ist die Kontextualisierung und das Zusammenspiel von Alter und zeitgenössischer Musik.</p>



<p>Jakob Steiner ist Stipendiat der Deutschen Orchesterstiftung sowie Alumnus des Cusanuswerks.</p>



<p><a href="https://jakobsteiner.de/wordpress/wp-content/uploads/41-JakobSteiner-2025-©AlexeyTestov-scaled.jpg" target="_blank" rel="noreferrer noopener">Download Pressefoto</a> | © Alexey Testov</p>

<p>»Musik entfaltet ihre Kraft dann, wenn aus künstlerischer Individualität ein gemeinsames Klangerlebnis entsteht.« Dieses Motto ist für den Bassbariton Jakob Steiner in seiner musikalischen Laufbahn prägend. Als Sänger ist Jakob Steiner Mitglied in mehreren Vokalensembles und leitet als Dirigent Chöre. Neben der interpretatorischen Arbeit liegt sein Augenmerk auf einer schlüssigen, thematisch orientierten oft auch experimentellen [&hellip;]</p>
